 + -1088. Calculate the greatest common divisor of p and 32.
4
Let q(n) = -2*n**3 + 8*n - 2. Let z be q(-4). Suppose -50 = -6*m + z. Let l = -33 - -69. What is the highest common factor of l and m?
12
Let j = 5296 - 1300. What is the highest common divisor of 108 and j?
108
Suppose 5*s = 52*p - 49*p + 857, 4*p - 24 = 0. Calculate the greatest common divisor of s and 217.
7
Suppose -1579 = -2*f + 3*y, -5*f - 3*y + 3214 = -765. Suppose f = 52*b - 662. What is the greatest common factor of 42 and b?
14
Suppose 2*q - 3046 = -2*m, -43 + 47 = 2*m. What is the highest common factor of q and 195?
39
Let m be -5 + (-1 - -3) - 203/(-7). Suppose -358 = -14*y + 6. What is the highest common divisor of y and m?
26
Let w be ((-126)/(-24) + -3)/((-4)/(-48)). Suppose 345 = -j - 4*j. Let o = j + 105. What is the greatest common divisor of w and o?
9
Let o be (-7)/35 - (-1986)/30. Suppose -o*d + 84*d = 11502. Calculate the greatest common divisor of 71 and d.
71
Let q(j) = j**2 - 10*j + 6. Suppose -4*n + 3 + 29 = 0. Let d be q(n). Let z = 25 + d. Calculate the highest common divisor of 10 and z.
5
Let x(t) = -37*t + 44. Let b = -140 + 145. Let w be x(b). Let n = w - -221. What is the highest common divisor of n and 16?
16
Let n(s) = -s**3 - 7*s**2 - 37*s - 341. Let r be n(-10). Calculate the greatest common divisor of 517 and r.
47
Suppose 2*d + 3*m = -48, d = 4*d - 2*m + 98. Let q = d + 33. What is the highest common factor of q and 1?
1
Let m = -2759 - -4553. Suppose b + 22*b = m. What is the greatest common factor of b and 624?
78
Let x be (-5)/(-25) - 69/(-5). Let t(k) = -3*k**2 - 82*k + 236. Let o be t(-29). Calculate the greatest common factor of x and o.
7
Suppose -10*w - 413183 + 1239783 = 0. Let b be w/160 + (-12)/(-32). What is the highest common divisor of 11 and b?
11
Suppose m + 48 = 5*c, 0*c + 3*c = 4*m + 39. Suppose -2*k + 19 = c. What is the highest common divisor of 40 and k?
5
Let k(p) = 254*p - 65. Let b be k(4). Let s = b + -881. What is the highest common factor of 182 and s?
14
Suppose 9*y - 928 = -l + 4*y, -3*l + 2784 = -y. Suppose -4*r = -2*w - 954, w - l = -4*r + 35. Calculate the greatest common divisor of r and 15.
15
Suppose 0 = 2*s - 4, 35*m - 5*s = 39*m - 26. Calculate the greatest common factor of 8 and m.
4
Let l be 18/(-21)*2100/15. Let p = 151 + l. What is the greatest common factor of 248 and p?
31
Let m(d) = 50*d + 5802. Let f be m(-115). What is the highest common divisor of 767 and f?
13
Let f = -8696 + 9502. Calculate the greatest common factor of 208 and f.
26
Let k(q) = -313*q - 2229. Let s be k(-33). What is the greatest common divisor of 100 and s?
100
Suppose 4238 = 2*m + 4*w, 5*w = -5*m + 9*w + 10581. Calculate the highest common factor of m and 29.
29
Let a(t) = -t**3 + 22*t**2 - 64*t - 22. Let p be a(13). What is the highest common factor of p and 115?
23
Suppose 0 = 4*q - t - 60, -3*q + q + 24 = -2*t. Let y be (q*-39)/(3 + -4). Calculate the highest common divisor of 78 and y.
78
Suppose -168*d + 172*d - 488 = -2*q, d = q - 256. Let z be 6*(52/6 + -4). Calculate the highest common divisor of z and q.
28
Suppose 0 = -14*k + 1798 - 7398. Let z = -245 - k. What is the highest common factor of z and 5?
5
Let d be (-1)/(0 + (-5)/705). Let c be (-188)/d*((-7)/2 - 1). What is the greatest common divisor of c and 294?
6
Let c(d) = -2*d**2 + 38*d + 24. Let p be c(17). Suppose 37*m - p = 19. What is the highest common divisor of 57 and m?
3
Suppose -4*z + 14 = 38. Let r be 1*((-56)/(-84) + 58/3). Let q be -3 + (r - z/2). What is the greatest common factor of q and 50?
10
Let d be 13195/55 - (-4)/(-88)*-2. What is the greatest common divisor of 2352 and d?
48
Let s be ((2892/48)/1)/(4*(-4)/(-5888)). What is the greatest common factor of 92 and s?
92
Let g(u) = -u**3 + 8*u**2 - 3*u - 29. Let y be g(7). Let q be (-4)/(-1) + 111 + y. Calculate the highest common factor of 12 and q.
6
Suppose -8*t + 0*t = -16. Suppose -t*v + 9 = -33. Let c(n) = n**3 + 3*n**2 - 6*n - 2. Let x be c(5). Calculate the highest common divisor of v and x.
21
Let v(u) = 2. Let c(k) = -k**2 - 22*k - 59. Let g(w) = c(w) - 5*v(w). Let s be g(-7). Calculate the greatest common factor of 60 and s.
12
Let x be (-43)/(-6) + -7 + 82/12. Suppose x*a = 12*a - 505. Suppose 5*i = m + 31 + a, 3*m - 63 = -2*i. Calculate the greatest common divisor of 3 and i.
3
Suppose 0 = -3*a + 4*w + w + 1889, -5*w = -10. Let h = a - 534. Calculate the highest common factor of h and 44.
11
Let j be (5/(25/2))/((-31)/(1 - 7596)). Calculate the highest common factor of j and 7399.
49
Let x be 15/35 + 802/7. Suppose 11 + x = 2*u. What is the greatest common factor of 42 and u?
21
Let u be (-26)/(-5)*135/1. Suppose 279 = 4*b + j - 31, 5*j = 3*b - 244. What is the highest common factor of b and u?
78
Suppose 3*r - 22*r + 9329 = 0. Let o = 4 + r. What is the greatest common factor of o and 45?
45
Suppose -2*t - 230 = -i, 3*i - 4*t = -0*i + 700. Let b be (-12 - 0)*(-1020)/i. What is the highest common factor of b and 34?
17
Let w(v) = v**2 + 7*v - 82. Let j be w(-19). Let g be j/8 + 4 + (-119)/28. What is the greatest common divisor of 144 and g?
18
Let l(t) = -t**3 + 8*t**2 + 9*t - 8. Let x be l(7). Suppose 0 = -206*v + 7212 + 4324. What is the highest common factor of x and v?
8
Suppose 4*d - 4342 = -3*t + 5*d, -3*t + 4337 = -2*d. Suppose 0 = -5*r - 51 + 51. Suppose r = -6*o - o + t. What is the greatest common factor of o and 23?
23
Let t = -3591 - -3610. Calculate the highest common factor of 4427 and t.
19
Let j(o) = o**3 + 91*o**2 + 942*o + 20. Let n be j(-79). What is the highest common factor of n and 1235?
247
Let n be 14/5*2790/1302. What is the greatest common factor of 1038 and n?
6
Let y be ((-4368)/(-520))/((-21)/(-35)). Let t be (-4)/10 + (-124)/(-10). Calculate the greatest common divisor of y and t.
2
Let c be 0 + 1 - (-11 - -10). Suppose -c*k - 6*k + 1696 = 0. Suppose -s = -4*b + k, -3*b + 0*s = 2*s - 170. Calculate the greatest common divisor of b and 27.
27
Suppose 24*w = -1440 - 1920. Let i = w + 348. Calculate the greatest common factor of i and 16.
16
Let o = 233 + -163. Let d = o + -64. Suppose 2*g = -g - d, -46 = -4*i - 3*g. Calculate the highest common divisor of 117 and i.
13
Let a be 1 + 176 + (-28)/((-56)/8). Suppose 0 = 8*t - a - 219. What is the greatest common factor of 10 and t?
10
Let p be (-6 - -396)*((-48)/(-15))/8. What is the highest common factor of 24 and p?
12
Let k = 1865 + -1853. Calculate the greatest common divisor of 228 and k.
12
Suppose 2*x - 3*x = 5, 4*l - 695 = -5*x. Let f = -142 + l. Let m = 118 + -61. What is the greatest common divisor of m and f?
19
Suppose 2*j - 3*v - 543 = -0*v, 5*j + v - 1366 = 0. What is the highest common factor of j and 11648?
91
Let p be ((-1 - 3) + 6)/1. Suppose 2*m + 3*k + 41 + 66 = 0, 0 = -5*m - k - 248. Let a = 65 + m. Calculate the greatest common factor of p and a.
2
Suppose 0 = 5*i + 2*k - 434, -4*i = -18*k + 22*k - 340. Let g be ((-4)/8)/(2/(-88)). Suppose -g = -v - v. Calculate the greatest common divisor of i and v.
11
Let z(m) = 19*m**2 - 28*m + 220. Let x be z(6). Calculate the highest common divisor of x and 1748.
92
Let k be 4 - (-4 + 4 + -18) - 4 - -6. Suppose -5*q - 14 = 4*i, -q = 5*i - 0*q + 7. Let w be (k/10)/(i/(-5)). Calculate the greatest common divisor of w and 30.
6
Suppose -3*w - 2*z + 2 + 67 = 0, -3*z - 69 = -3*w. What is the greatest common factor of 1 and w?
1
Let u(g) = -5*g**2 - 15*g - 123. Let q be u(-9). Let m = q + 408. What is the highest common divisor of m and 57?
3
Suppose 8*m + 5434 = 21*m + 6*m. Let f = -7 + 10. Suppose -4*g + 29 = -3*g - f*t, 4*g - 101 = -3*t. Calculate the greatest common factor of g and m.
26
Let l = 28 - -725. Let k = l - 445. Suppose 4*h - k = -7*h. Calculate the highest common divisor of 126 and h.
14
Let x = 10870 + -10660. Calculate the highest common divisor of 525 and x.
105
Suppose 6*c = 39 + 93. Suppose -g = 3*j + 53, 3*g + 2*j - 84 + 264 = 0. Let v = -40 - g. What is the highest common divisor of c and v?
22
Suppose 0 = -2*m - b + 230, 9*b + 667 = -13*m + 18*m. Calculate the greatest common factor of m and 7616.
119
Suppose 3*c + 4*c - 77 = 0. Let a be (-2)/9 - (-581)/63 - 3. Suppose a*m = 3*m + 33. Calculate the highest common divisor of c